-33333331
-132001330011 (base 4) to base 14
-108cc85
Convert 332332132 (base 4) to base 3.
111002211201
What is 1234201 (base 7) in base 4?
213003001
-1442415 (base 7) to base 12
-95093
What is 5134 (base 7) in base 9?
2407
What is 251062 (base 12) in base 8?
2232012
What is 10212110021 (base 3) in base 12?
38097
Convert -35415323 (base 7) to base 8.
-13742016
What is -220382 (base 12) in base 6?
-15322242
-200142301 (base 5) to base 3
-1110222211121
225272 (base 8) to base 2
10010101010111010
Convert -217394 (base 11) to base 13.
-c195b
-21552 (base 14) to base 15
-18d53
-3a4494 (base 13) to base 11
-882727
Convert -591033 (base 10) to base 6.
-20400133
Convert 10300130 (base 5) to base 9.
143066
What is -1111110000011111 (base 2) in base 4?
-33300133
What is -1332441 (base 6) in base 9?
-123137
What is 10210717 (base 8) in base 5?
1023322442
-38049 (base 12) to base 8
-224471
Convert 54dc0 (base 14) to base 4.
302033030
Convert 15055555 (base 6) to base 5.
113132431
-100222120201 (base 3) to base 2
-101111111110101101
Convert -2104403 (base 6) to base 7.
-603444
What is 374364 (base 11) in base 5?
122411042
Convert -3b3b44 (base 15) to base 4.
-22313032300
What is -2b20b1 (base 16) in base 13?
-77c649
What is 1001011000001100000101 (base 2) in base 13?
680c78
What is 3032342 (base 6) in base 10?
144422
3302443 (base 5) to base 3
2212200011
Convert 1230044 (base 6) to base 3.
10100201001
Convert -102320230 (base 4) to base 11.
-53134
What is 754912 (base 10) in base 9?
1370481
Convert -10001101001100110110 (base 2) to base 8.
-2151466
What is 254601 (base 7) in base 4?
23202312
Convert -10110011100010101001110 (base 2) to base 15.
-7b3294
What is -1020012233 (base 5) in base 13?
-58b712
What is -2265265 (base 7) in base 11?
-185293
477551 (base 9) to base 16
463bd
43103434 (base 7) to base 11
2083779
What is -10c2a5 (base 13) in base 15?
-7ce70
Convert 14594b (base 12) to base 7.
2622263
Convert 558266 (base 9) to base 6.
11054440
29a750 (base 11) to base 6
14011015
What is 1308830 (base 9) in base 15?
e1d30
What is 585b8 (base 12) in base 11?
80a24
Convert 13303 (base 9) to base 14.
33c6
What is 414121332 (base 5) in base 6?
100334033
Convert 14223220 (base 5) to base 11.
a1685
1023234130 (base 5) to base 16
2108b3
-1333342 (base 7) to base 5
-21121404
What is -172164 (base 8) in base 11?
-43021
9081a9 (base 11) to base 13
3c1915
74517 (base 8) to base 3
1120121012
-24441102 (base 5) to base 7
-1662634
-15956 (base 14) to base 13
-1b750
-1ef3a9 (base 16) to base 11
-1166012
-7b715c (base 15) to base 5
-3002141222
Convert 615059 (base 11) to base 13.
287724
Convert -23552521 (base 7) to base 5.
-1014101034
1276525 (base 8) to base 3
200021111122
What is -8485205 (base 10) in base 4?
-200113211111
-765c10 (base 13) to base 7
-32441665
1241224001 (base 5) to base 8
13555045
-6738 (base 12) to base 6
-124512
What is -207480 (base 10) in base 7?
-1522620
-5281 (base 16) to base 10
-21121
What is 34a61 (base 12) in base 8?
211751
1758770 (base 10) to base 5
422240040
What is -47023a9 (base 11) in base 12?
-2903089
Convert -1010110010110011100110 (base 2) to base 10.
-2829542
What is 110000111000101110001001 (base 2) in base 14?
19b83c5
Convert -1100000001011111010 (base 2) to base 9.
-660383
What is 10111111101010111111111 (base 2) in base 12?
212a7bb
What is -1bb365 (base 12) in base 6?
-14350205
Convert 8082174 (base 11) to base 8.
66413000
Convert -abb5 (base 12) to base 11.
-13304
Convert 773533 (base 9) to base 13.
132312
-10001220012 (base 3) to base 8
-166017
What is 222033 (base 11) in base 16?
56722
Convert -2550003 (base 6) to base 5.
-13414200
Convert -532315300 (base 6) to base 2.
-100011101100011011010100
Convert -1583181 (base 11) to base 15.
-3846b7
Convert -2b305 (base 15) to base 6.
-2551435
Convert -12020101301 (base 4) to base 8.
-6102161
Convert -1b2d75 (base 15) to base 14.
-26736b
-2210121021 (base 3) to base 9
-83537
Convert 366560 (base 9) to base 3.
102020122000
What is -434321411 (base 5) in base 2?
-111001000100110010111
What is -1c0ae (base 16) in base 7?
-655606
What is 4451a5b (base 12) in base 16?
c711a7
Convert 23310131 (base 4) to base 14.
13901
Convert 25775 (base 8) to base 10.
11261
What is 15146760 (base 9) in base 15?
9db3ac
-1389c (base 13) to base 4
-20330121
What is b8eb (base 15) in base 16?
98ea
Convert -1171774 (base 8) to base 10.
-324604
136322 (base 12) to base 13
b366c
-152368 (base 10) to base 4
-211030300
What is 10010312223 (base 4) in base 5?
233142314
Convert -535245 (base 7) to base 9.
-151616
What is 2033121213 (base 5) in base 15?
57c158
Convert -189823 (base 10) to base 12.
-91a27
What is -48e860 (base 15) in base 11?
-1a75359
Convert -23604458 (base 9) to base 3.
-210200011111222
Convert 33351273 (base 9) to base 15.
1641629
-2111122011 (base 3) to base 12
-2464a
975a1b (base 13) to base 7
42132166
Convert 10101111110100111010 (base 2) to base 6.
23234110
What is 1110200000202 (base 3) in base 4?
2332213223
What is 356517 (base 12) in base 7?
10215013
322d98 (base 14) to base 11
a600a8
Convert -3c926d (base 14) to base 13.
-5868c6
-6471a (base 15) to base 13
-b218c
-aa6767 (base 12) to base 14
-5067cb
-6c88 (base 15) to base 10
-23078
Convert 22643651 (base 7) to base 13.
54a8c2
201321033 (base 4) to base 6
2550423
Convert -41a276 (base 12) to base 10.
-1033722
-101310030 (base 5) to base 4
-1211220021
What is -1111112313 (base 4) in base 6?
-11254343
Convert -2223620 (base 8) to base 4.
-2102132100
277665 (base 8) to base 12
48a19
-c66a (base 15) to base 3
-2010112201
Convert 100101010111001110101011 (base 2) to base 8.
45271653
Convert 41010414 (base 7) to base 13.
927195
What is -222212200121 (base 3) in base 15?
-a6b37
13fa6 (base 16) to base 6
1430502
What is 104146 (base 13) in base 10?
380308
-2c55bd (base 16) to base 8
-13052675
What is 4400120 (base 5) in base 4?
102110123
Convert 3bcaa (base 14) to base 4.
210013132
What is 428149 (base 14) in base 9?
4208788
Convert -12605523 (base 8) to base 4.
-22300231103
What is 1f (base 16) in base 8?
37
What is -100022222100122 (base 3) in base 6?
-254145155
What is -165857 (base 16) in base 15?
-1ddd72
13021310 (base 7) to base 4
10200201131
What is 1400413 (base 8) in base 9?
658673
-382e6 (base 16) to base 11
-147989
Convert 1a910 (base 13) to base 8.
145541
8595cb (base 14) to base 3
22111122222221
Convert -42143233 (base 5) to base 15.
-6d9b3
Convert -1c79c (base 15) to base 9.
-151323
Convert 135604 (base 8) to base 4.
23232010
22396 (base 13) to base 3
10011020201
Convert -128ed5 (base 15) to base 12.
-36b73b
Convert 201112110010220 (base 3) to base 16.
9e69e2
Convert -50793 (base 12) to base 4.
-121211133
Convert 161182 (base 15) to base 10.
1066847
101001101011201 (base 3) to base 15
707a0a
Convert 7061393 (base 11) to base 3.
212111120211200
-110001011001100 (base 2) to base 5
-1302132
Convert 11111022102211 (base 3) to base 15.
322764
What is 101323201321 (base 4) in base 14?
8a4d05
5a40928 (base 11) to base 4
220022103332
Convert 765896 (base 13) to base 7.
32440226
Convert -3301032 (base 6) to base 3.
-22022022202
-12397 (base 12) to base 11
-17650
Convert -102020012011 (base 3) to base 11.
-141073
202242055 (base 6) to base 10
3473747
-68668 (base 12) to base 6
-2552212
What is -1011110101101000000010 (base 2) in base 8?
-13655002
Convert 10102022201201 (base 3) to base 16.
1bba70
-10275b9 (base 12) to base 7
-34562115
Convert -3758bc (base 16) to base 11.
-2058191
132a1 (base 11) to base 9
28036
What is 61846 (base 10) in base 8?
170626
What is 340323223 (base 5) in base 16?
16d18e
-3bb8a3 (base 14) to base 2
-111111000110111100111
-97ed08 (base 15) to base 9
-14552848
38803 (base 10) to base 9
58204
Convert 865524 (base 9) to base 2.
1111101111011110110
-d9d283 (base 14) to base 9
-14777647
Convert -93573 (base 11) to base 10.
-136447
What is 5655321 (base 7) in base 14?
144281
-178780 (base 13) to base 16
-90103
Convert 12635263 (base 8) to base 3.
12022221020201
What is -24a92a8 (base 11) in base 16?
-4250db
Convert 1110100011111001101 (base 2) to base 14.
c5c4d
-210012522 (base 7) to base 12
-417a8b9
-315281 (base 13) to base 9
-2147725
1010000101110111001110 (base 2) to base 9
4871783
24268b (base 15) to base 4
1221